{"id":3084,"date":"2024-01-11T14:39:28","date_gmt":"2024-01-11T11:39:28","guid":{"rendered":"https:\/\/decentraladworks.com\/demolar\/tedokullari\/?page_id=3084"},"modified":"2024-02-22T14:58:32","modified_gmt":"2024-02-22T11:58:32","slug":"tasarim-ve-moda","status":"publish","type":"page","link":"https:\/\/ted.org.tr\/tedokullari\/tasarim-ve-moda\/","title":{"rendered":"Tasar\u0131m ve Moda"},"content":{"rendered":"\t\t<div data-elementor-type=\"wp-page\" data-elementor-id=\"3084\" class=\"elementor elementor-3084\">\n\t\t\t\t\t\t<section class=\"elementor-section elementor-top-section elementor-element elementor-element-d8f8352 elementor-section-boxed elementor-section-height-default elementor-section-height-default\" data-id=\"d8f8352\" data-element_type=\"section\">\n\t\t\t\t\t\t<div class=\"elementor-container elementor-column-gap-default\">\n\t\t\t\t\t<div class=\"elementor-column elementor-col-50 elementor-top-column elementor-element elementor-element-763814d\" data-id=\"763814d\" data-element_type=\"column\">\n\t\t\t<div class=\"elementor-widget-wrap elementor-element-populated\">\n\t\t\t\t\t\t<div class=\"elementor-element elementor-element-c4440aa elementor-widget elementor-widget-image\" data-id=\"c4440aa\" data-element_type=\"widget\" data-widget_type=\"image.default\">\n\t\t\t\t<div class=\"elementor-widget-container\">\n\t\t\t<style>\/*! elementor - v3.19.0 - 07-02-2024 *\/\n.elementor-widget-image{text-align:center}.elementor-widget-image a{display:inline-block}.elementor-widget-image a img[src$=\".svg\"]{width:48px}.elementor-widget-image img{vertical-align:middle;display:inline-block}<\/style>\t\t\t\t\t\t\t\t\t\t<img fetchpriority=\"high\" decoding=\"async\" width=\"280\" height=\"373\" src=\"https:\/\/ted.org.tr\/tedokullari\/wp-content\/uploads\/2023\/09\/defne-koz.jpg\" class=\"attachment-large size-large wp-image-2614\" alt=\"\" srcset=\"https:\/\/ted.org.tr\/tedokullari\/wp-content\/uploads\/2023\/09\/defne-koz.jpg 280w, https:\/\/ted.org.tr\/tedokullari\/wp-content\/uploads\/2023\/09\/defne-koz-225x300.jpg 225w\" sizes=\"(max-width: 280px) 100vw, 280px\" \/>\t\t\t\t\t\t\t\t\t\t\t\t\t<\/div>\n\t\t\t\t<\/div>\n\t\t\t\t\t<\/div>\n\t\t<\/div>\n\t\t\t\t<div class=\"elementor-column elementor-col-50 elementor-top-column elementor-element elementor-element-c8b78c7\" data-id=\"c8b78c7\" data-element_type=\"column\">\n\t\t\t<div class=\"elementor-widget-wrap elementor-element-populated\">\n\t\t\t\t\t\t<div class=\"elementor-element elementor-element-cc5c7d4 elementor-widget elementor-widget-text-editor\" data-id=\"cc5c7d4\" data-element_type=\"widget\" data-widget_type=\"text-editor.default\">\n\t\t\t\t<div class=\"elementor-widget-container\">\n\t\t\t<style>\/*! elementor - v3.19.0 - 07-02-2024 *\/\n.elementor-widget-text-editor.elementor-drop-cap-view-stacked .elementor-drop-cap{background-color:#69727d;color:#fff}.elementor-widget-text-editor.elementor-drop-cap-view-framed .elementor-drop-cap{color:#69727d;border:3px solid;background-color:transparent}.elementor-widget-text-editor:not(.elementor-drop-cap-view-default) .elementor-drop-cap{margin-top:8px}.elementor-widget-text-editor:not(.elementor-drop-cap-view-default) .elementor-drop-cap-letter{width:1em;height:1em}.elementor-widget-text-editor .elementor-drop-cap{float:left;text-align:center;line-height:1;font-size:50px}.elementor-widget-text-editor .elementor-drop-cap-letter{display:inline-block}<\/style>\t\t\t\t<span style=\"font-family: 'Tahoma',sans-serif;\"><strong><a href=\"https:\/\/www.nurus.com\/tr\/tasarimci\/defne-koz\" target=\"_blank\" rel=\"noopener\">Defne Koz<\/a><\/strong> <strong>&#8217;81<\/strong><br>TED Kolejini bitiren Defne Koz, \u0130talyan Dili ve Edebiyat\u0131 e\u011fitimi ald\u0131ktan sonra 1987\u2019de ODT\u00dc&#8217;de End\u00fcstri \u00dcr\u00fcnleri Tasar\u0131m\u0131 B\u00f6l\u00fcm\u00fcne girdi. 1992\u2019de Defne Koz Design Studio&#8217;yu a\u00e7an tasar\u0131mc\u0131m\u0131z, T\u00fcrkiye\u2019de, Nurus, Decorum\/s, MPD ve Eczac\u0131ba\u015f\u0131 ile; yurt d\u0131\u015f\u0131nda Pirelli, Alessi, WMF, Rosenthal, Nissan ve Casio gibi markalar ile \u00e7al\u0131\u015ft\u0131.<\/span><\/p>\t\t\t\t\t\t<\/div>\n\t\t\t\t<\/div>\n\t\t\t\t\t<\/div>\n\t\t<\/div>\n\t\t\t\t\t<\/div>\n\t\t<\/section>\n\t\t\t\t<section class=\"elementor-section elementor-top-section elementor-element elementor-element-6f6b33f elementor-section-boxed elementor-section-height-default elementor-section-height-default\" data-id=\"6f6b33f\" data-element_type=\"section\">\n\t\t\t\t\t\t<div class=\"elementor-container elementor-column-gap-default\">\n\t\t\t\t\t<div class=\"elementor-column elementor-col-50 elementor-top-column elementor-element elementor-element-559155e\" data-id=\"559155e\" data-element_type=\"column\">\n\t\t\t<div class=\"elementor-widget-wrap elementor-element-populated\">\n\t\t\t\t\t\t<div class=\"elementor-element elementor-element-945807d elementor-widget elementor-widget-image\" data-id=\"945807d\" data-element_type=\"widget\" data-widget_type=\"image.default\">\n\t\t\t\t<div class=\"elementor-widget-container\">\n\t\t\t\t\t\t\t\t\t\t\t\t\t<img decoding=\"async\" width=\"300\" height=\"415\" src=\"https:\/\/ted.org.tr\/tedokullari\/wp-content\/uploads\/2023\/09\/ipekkiramer.jpg\" class=\"attachment-large size-large wp-image-2670\" alt=\"\" srcset=\"https:\/\/ted.org.tr\/tedokullari\/wp-content\/uploads\/2023\/09\/ipekkiramer.jpg 300w, https:\/\/ted.org.tr\/tedokullari\/wp-content\/uploads\/2023\/09\/ipekkiramer-217x300.jpg 217w\" sizes=\"(max-width: 300px) 100vw, 300px\" \/>\t\t\t\t\t\t\t\t\t\t\t\t\t<\/div>\n\t\t\t\t<\/div>\n\t\t\t\t\t<\/div>\n\t\t<\/div>\n\t\t\t\t<div class=\"elementor-column elementor-col-50 elementor-top-column elementor-element elementor-element-4ffef06\" data-id=\"4ffef06\" data-element_type=\"column\">\n\t\t\t<div class=\"elementor-widget-wrap elementor-element-populated\">\n\t\t\t\t\t\t<div class=\"elementor-element elementor-element-5cb2889 elementor-widget elementor-widget-text-editor\" data-id=\"5cb2889\" data-element_type=\"widget\" data-widget_type=\"text-editor.default\">\n\t\t\t\t<div class=\"elementor-widget-container\">\n\t\t\t\t\t\t\t<p><span style=\"font-family: 'Tahoma',sans-serif;\"><strong>\u0130pek K\u0131ramer\u00a0<\/strong><\/span><span style=\"font-family: Tahoma, sans-serif; font-weight: bold;\">&#8217;61<\/span><span style=\"font-family: 'Tahoma',sans-serif;\"><br \/>\u0130pek K\u0131ramer, moda tasar\u0131m\u0131na TED Ankara Kolejinde arkada\u015flar\u0131 i\u00e7in \u00e7izimler yaparak ba\u015flad\u0131. 1979\u2019da i\u015f hayat\u0131na at\u0131lan ve modac\u0131l\u0131k yapan \u0130pek K\u0131ramer bug\u00fcne kadar 6 bin koleksiyona imza att\u0131.<\/span><\/p>\t\t\t\t\t\t<\/div>\n\t\t\t\t<\/div>\n\t\t\t\t\t<\/div>\n\t\t<\/div>\n\t\t\t\t\t<\/div>\n\t\t<\/section>\n\t\t\t\t<section class=\"elementor-section elementor-top-section elementor-element elementor-element-a569a98 elementor-section-boxed elementor-section-height-default elementor-section-height-default\" data-id=\"a569a98\" data-element_type=\"section\">\n\t\t\t\t\t\t<div class=\"elementor-container elementor-column-gap-default\">\n\t\t\t\t\t<div class=\"elementor-column elementor-col-50 elementor-top-column elementor-element elementor-element-7daded0\" data-id=\"7daded0\" data-element_type=\"column\">\n\t\t\t<div class=\"elementor-widget-wrap elementor-element-populated\">\n\t\t\t\t\t\t<div class=\"elementor-element elementor-element-20a2287 elementor-widget elementor-widget-image\" data-id=\"20a2287\" data-element_type=\"widget\" data-widget_type=\"image.default\">\n\t\t\t\t<div class=\"elementor-widget-container\">\n\t\t\t\t\t\t\t\t\t\t\t\t\t<img decoding=\"async\" width=\"300\" height=\"415\" src=\"https:\/\/ted.org.tr\/tedokullari\/wp-content\/uploads\/2023\/09\/ecesukan.jpg\" class=\"attachment-large size-large wp-image-2666\" alt=\"\" srcset=\"https:\/\/ted.org.tr\/tedokullari\/wp-content\/uploads\/2023\/09\/ecesukan.jpg 300w, https:\/\/ted.org.tr\/tedokullari\/wp-content\/uploads\/2023\/09\/ecesukan-217x300.jpg 217w\" sizes=\"(max-width: 300px) 100vw, 300px\" \/>\t\t\t\t\t\t\t\t\t\t\t\t\t<\/div>\n\t\t\t\t<\/div>\n\t\t\t\t\t<\/div>\n\t\t<\/div>\n\t\t\t\t<div class=\"elementor-column elementor-col-50 elementor-top-column elementor-element elementor-element-2144806\" data-id=\"2144806\" data-element_type=\"column\">\n\t\t\t<div class=\"elementor-widget-wrap elementor-element-populated\">\n\t\t\t\t\t\t<div class=\"elementor-element elementor-element-e474927 elementor-widget elementor-widget-text-editor\" data-id=\"e474927\" data-element_type=\"widget\" data-widget_type=\"text-editor.default\">\n\t\t\t\t<div class=\"elementor-widget-container\">\n\t\t\t\t\t\t\t<span style=\"font-family: 'Tahoma',sans-serif;\"><strong><a href=\"https:\/\/en.wikipedia.org\/wiki\/Ece_S%C3%BCkan\" target=\"_blank\" rel=\"noopener\">Ece S\u00fckan<\/a>\u00a0<\/strong><\/span><span style=\"font-family: Tahoma, sans-serif; font-weight: bold;\">&#8217;94<\/span><br>Ece S\u00fckan, Ankara Devlet Opera Balesinde e\u011fitim alarak iki y\u0131l oyunlarda g\u00f6rev ald\u0131. 1998 y\u0131l\u0131nda ODT\u00dc Psikoloji b\u00f6l\u00fcm\u00fcnden mezun olduktan sonra modelli\u011fe ve Marie Claire dergisinde \u00e7al\u0131\u015fmaya ba\u015flad\u0131. 1998 y\u0131l\u0131nda Best Model of Turkey\u2019de \u00fc\u00e7\u00fcnc\u00fc olan Ece S\u00fckan, NewYork&#8217;da Fashion Institute of Technology\u2019de e\u011fitim ald\u0131. Vogue T\u00fcrkiye dergisinin ve Milano&#8217;da Trussardi&#8217;nin moda dan\u0131\u015fmanl\u0131\u011f\u0131n\u0131 yapan S\u00fckan, dergi ve firmalara moda edit\u00f6rl\u00fc\u011f\u00fc yapmaya devam ediyor. Ece S\u00fckan, bir\u00e7ok TV dizisinde oyuncu olarak da rol ald\u0131.\t\t\t\t\t\t<\/div>\n\t\t\t\t<\/div>\n\t\t\t\t\t<\/div>\n\t\t<\/div>\n\t\t\t\t\t<\/div>\n\t\t<\/section>\n\t\t\t\t<section class=\"elementor-section elementor-top-section elementor-element elementor-element-e8d657b elementor-section-boxed elementor-section-height-default elementor-section-height-default\" data-id=\"e8d657b\" data-element_type=\"section\">\n\t\t\t\t\t\t<div class=\"elementor-container elementor-column-gap-default\">\n\t\t\t\t\t<div class=\"elementor-column elementor-col-50 elementor-top-column elementor-element elementor-element-b373c17\" data-id=\"b373c17\" data-element_type=\"column\">\n\t\t\t<div class=\"elementor-widget-wrap elementor-element-populated\">\n\t\t\t\t\t\t<div class=\"elementor-element elementor-element-5f26c92 elementor-widget elementor-widget-image\" data-id=\"5f26c92\" data-element_type=\"widget\" data-widget_type=\"image.default\">\n\t\t\t\t<div class=\"elementor-widget-container\">\n\t\t\t\t\t\t\t\t\t\t\t\t\t<img loading=\"lazy\" decoding=\"async\" width=\"300\" height=\"415\" src=\"https:\/\/ted.org.tr\/tedokullari\/wp-content\/uploads\/2023\/09\/zeyneptunuslu.jpg\" class=\"attachment-large size-large wp-image-2688\" alt=\"\" srcset=\"https:\/\/ted.org.tr\/tedokullari\/wp-content\/uploads\/2023\/09\/zeyneptunuslu.jpg 300w, https:\/\/ted.org.tr\/tedokullari\/wp-content\/uploads\/2023\/09\/zeyneptunuslu-217x300.jpg 217w\" sizes=\"(max-width: 300px) 100vw, 300px\" \/>\t\t\t\t\t\t\t\t\t\t\t\t\t<\/div>\n\t\t\t\t<\/div>\n\t\t\t\t\t<\/div>\n\t\t<\/div>\n\t\t\t\t<div class=\"elementor-column elementor-col-50 elementor-top-column elementor-element elementor-element-1309935\" data-id=\"1309935\" data-element_type=\"column\">\n\t\t\t<div class=\"elementor-widget-wrap elementor-element-populated\">\n\t\t\t\t\t\t<div class=\"elementor-element elementor-element-cb12a05 elementor-widget elementor-widget-text-editor\" data-id=\"cb12a05\" data-element_type=\"widget\" data-widget_type=\"text-editor.default\">\n\t\t\t\t<div class=\"elementor-widget-container\">\n\t\t\t\t\t\t\t<p><span style=\"font-family: 'Tahoma',sans-serif;\"><strong><a href=\"https:\/\/tr.wikipedia.org\/wiki\/Zeynep_Tunuslu\" target=\"_blank\" rel=\"noopener\">Zeynep Tunuslu<\/a>&nbsp;<\/strong><\/span><span style=\"font-family: Tahoma, sans-serif; font-weight: 700;\">&#8217;80<\/span><span style=\"font-family: 'Tahoma',sans-serif;\"><br>Modac\u0131 ve gazeteci Zeynep Tunuslu TED Ankara Koleji&#8217;nden mezun olduktan sonra Hacettepe \u00dcniversitesi \u0130ngiliz Filolojisi B\u00f6l\u00fcm\u00fcne girdi. \u00dcniversite e\u011fitimini yar\u0131da b\u0131rakarak gitti\u011fi Milano&#8217;dan d\u00f6nd\u00fckten sonra tekstil sekt\u00f6r\u00fcnde \u00e7al\u0131\u015fmaya ba\u015flad\u0131. Mudo&#8217;nun sahibi Mustafa Tavilo\u011flu ile tan\u0131\u015fmas\u0131yla moda d\u00fcnyas\u0131nda \u00fcn kazanan Tunuslu, 1986\u2019da kendi ma\u011fazas\u0131n\u0131 a\u00e7t\u0131 ve 1996\u2019ya kadar ma\u011faza say\u0131s\u0131n\u0131 30\u2019a y\u00fckseltti. Bu d\u00f6nemde gazetecili\u011fe ba\u015flayan Tunuslu\u2019nun k\u0131sa film, uzun metraj ve dizi oyunculuk deneyimleri de var.<\/span><\/p>\t\t\t\t\t\t<\/div>\n\t\t\t\t<\/div>\n\t\t\t\t\t<\/div>\n\t\t<\/div>\n\t\t\t\t\t<\/div>\n\t\t<\/section>\n\t\t\t\t<\/div>\n\t\t","protected":false},"excerpt":{"rendered":"<p>Defne Koz &#8217;81TED Kolejini bitiren Defne Koz, \u0130talyan Dili ve Edebiyat\u0131 e\u011fitimi ald\u0131ktan sonra 1987\u2019de ODT\u00dc&#8217;de End\u00fcstri \u00dcr\u00fcnleri Tasar\u0131m\u0131 B\u00f6l\u00fcm\u00fcne girdi. 1992\u2019de Defne Koz Design Studio&#8217;yu a\u00e7an tasar\u0131mc\u0131m\u0131z, T\u00fcrkiye\u2019de, Nurus, Decorum\/s, MPD ve Eczac\u0131ba\u015f\u0131 ile; yurt d\u0131\u015f\u0131nda Pirelli, Alessi, WMF, Rosenthal, Nissan ve Casio gibi markalar ile \u00e7al\u0131\u015ft\u0131. \u0130pek K\u0131ramer\u00a0&#8217;61\u0130pek K\u0131ramer, moda tasar\u0131m\u0131na TED Ankara [&hellip;]<\/p>\n","protected":false},"author":1,"featured_media":0,"parent":0,"menu_order":0,"comment_status":"closed","ping_status":"closed","template":"","meta":{"_monsterinsights_skip_tracking":false,"_monsterinsights_sitenote_active":false,"_monsterinsights_sitenote_note":"","_monsterinsights_sitenote_category":0,"footnotes":""},"class_list":["post-3084","page","type-page","status-publish","hentry"],"aioseo_notices":[],"_links":{"self":[{"href":"https:\/\/ted.org.tr\/tedokullari\/wp-json\/wp\/v2\/pages\/3084","targetHints":{"allow":["GET"]}}],"collection":[{"href":"https:\/\/ted.org.tr\/tedokullari\/wp-json\/wp\/v2\/pages"}],"about":[{"href":"https:\/\/ted.org.tr\/tedokullari\/wp-json\/wp\/v2\/types\/page"}],"author":[{"embeddable":true,"href":"https:\/\/ted.org.tr\/tedokullari\/wp-json\/wp\/v2\/users\/1"}],"replies":[{"embeddable":true,"href":"https:\/\/ted.org.tr\/tedokullari\/wp-json\/wp\/v2\/comments?post=3084"}],"version-history":[{"count":38,"href":"https:\/\/ted.org.tr\/tedokullari\/wp-json\/wp\/v2\/pages\/3084\/revisions"}],"predecessor-version":[{"id":4819,"href":"https:\/\/ted.org.tr\/tedokullari\/wp-json\/wp\/v2\/pages\/3084\/revisions\/4819"}],"wp:attachment":[{"href":"https:\/\/ted.org.tr\/tedokullari\/wp-json\/wp\/v2\/media?parent=3084"}],"curies":[{"name":"wp","href":"https:\/\/api.w.org\/{rel}","templated":true}]}}